{"id":6,"date":"2016-08-17T14:09:59","date_gmt":"2016-08-17T14:09:59","guid":{"rendered":"http:\/\/www.schuetzenverein-umpferstedt.com\/?page_id=6"},"modified":"2024-08-02T09:02:43","modified_gmt":"2024-08-02T09:02:43","slug":"impressum","status":"publish","type":"page","link":"https:\/\/www.schuetzenverein-umpferstedt.com\/?page_id=6","title":{"rendered":"Impressum und Datenschutz"},"content":{"rendered":"<h4><span style=\"color: #008000;\">Hier die rechtlichen Informationen Impressum und Datenschutz:<\/span><\/h4>\n<p>Diese Homepage dient der Repr\u00e4sentation des Umpferstedter Sch\u00fctzenvereins e.V. im digitalen Raum.<\/p>\n<p><strong>Postanschrift:<br \/>\n<\/strong>Umpferstedter Sch\u00fctzenverein e.V.<br \/>\nSafransgarten 17<br \/>\n99441 Umpferstedt<\/p>\n<p><strong>Kontakt:<br \/>\n<\/strong>Telefon: 03643 \/ 505839<br \/>\nE-Mail:<a href=\"mailto:info@schuetzenverein-umpferstedt.com\">\u00a0info@schuetzenverein-umpferstedt.com<\/a><\/p>\n<p><strong>Adresse Sch\u00fctzenhaus:<\/strong><br \/>\nUmpferstedter Sch\u00fctzenverein e.V.<br \/>\nAuf der Frankendorfer Marke<br \/>\n99441 Umpferstedt<\/p>\n<p><strong>Vorsitzender des Vereins:<\/strong><br \/>\nPeter Schneega\u00df<\/p>\n<p>Inhaltlich Verantwortlicher Homepage: Lothar L\u00f6bnitz<\/p>\n<p>Aus Gr\u00fcnden der leichteren Lesbarkeit und der Nutzerfreundlichkeit wird auf die gleichzeitige Verwendung der m\u00e4nnlichen und weiblichen Personenbezeichnung verzichtet. Die Verwendung der m\u00e4nnlichen Form schlie\u00dft die weibliche Form mit ein. Wegen der leichteren Lesbarkeit, insbesondere f\u00fcr kleine mobile Endger\u00e4te, umfassen Bezeichnungen von Personengruppen in der Regel weibliche und m\u00e4nnliche Personen. So steht beispielsweise &#8222;Sch\u00fcler&#8220; selbstverst\u00e4ndlich f\u00fcr &#8222;Sch\u00fclerinnen und Sch\u00fcler&#8220;, &#8222;Lehrer&#8220; f\u00fcr &#8222;Lehrerinnen und Lehrer&#8220;, &#8222;Studenten&#8220; f\u00fcr &#8222;Studentinnen und Studenten&#8220; und &#8222;Wissenschaftler&#8220; f\u00fcr &#8222;Wissenschaftlerinnen und Wissenschaftler&#8220;.<\/p>\n<p>Urheberrecht<br \/>\nDas Urheberrecht liegt beim Umpferstedter Sch\u00fctzenverein e.V. Alle Texte, Bilder, Graphiken, Ton-, Video- und Animationsdateien sowie deren Anordnung auf diesem Informationsserver unterliegen dem Urheberrecht und anderen Gesetzen zum Schutz geistigen Eigentums. Sie d\u00fcrfen weder f\u00fcr kommerzielle Zwecke oder zur Weitergabe kopiert, noch ver\u00e4ndert und auf anderen Websites verwendet werden.<\/p>\n<p>Wir weisen darauf hin, dass einige Seiten unserer Website auch Bilder enthalten, die dem Urheberrecht derjenigen unterliegen, die diese zur Verf\u00fcgung gestellt haben.<\/p>\n<p>Haftungsausschluss<br \/>\nDer Umpferstedter Sch\u00fctzenverein e.V. hat alle in ihrem Bereich bereitgestellten Informationen nach bestem Wissen und Gewissen erarbeitet und gepr\u00fcft. Es wird jedoch keine Gew\u00e4hr f\u00fcr die Aktualit\u00e4t, Richtigkeit, Vollst\u00e4ndigkeit oder Qualit\u00e4t und jederzeit Verf\u00fcgbarkeit der bereitgestellten Informationen \u00fcbernommen. Umpferstedter Sch\u00fctzenverein e.V. und seine Mitglieder haften nicht f\u00fcr Sch\u00e4den, die durch die Nutzung oder Nichtnutzung der im Internetangebot der Umpferstedter Sch\u00fctzenverein e.V. angebotenen Informationen entsteht. Die Haftung nach \u00a7 839 BGB bleibt unber\u00fchrt. F\u00fcr etwaige Sch\u00e4den, die beim Aufrufen oder Herunterladen von Daten durch Computerviren oder der Installation oder Nutzung von Software verursacht werden, wird nicht gehaftet. Der Umpferstedter Sch\u00fctzenverein e.V. beh\u00e4lt sich vor, einzelne Webseiten oder das gesamte Angebot ohne gesonderte Ank\u00fcndigung zu ver\u00e4ndern, zu erg\u00e4nzen, zu l\u00f6schen oder die Ver\u00f6ffentlichung zeitweise oder endg\u00fcltig einzustellen.<\/p>\n<p>Verweise und Links<br \/>\nDer Umpferstedter Sch\u00fctzenverein e.V. ist nur f\u00fcr eigene Inhalte, die sie zur Nutzung bereithalten verantwortlich. Von diesen eigenen Inhalten sind Links auf die Webseiten anderer Anbieter zu unterscheiden. Der Umpferstedter Sch\u00fctzenverein e.V. vermittelt hier nur den Zugang zur Information. F\u00fcr illegale, fehlerhafte oder unvollst\u00e4ndige Inhalte und Sch\u00e4den, die aus der Nutzung oder Nichtnutzung von Informationen Dritter entstehen, haftet allein der jeweilige Anbieter.<\/p>\n<h1>____<\/h1>\n<h1><strong><br \/>\nDatenschutzerkl\u00e4rung<\/strong><\/h1>\n<h3>Geltungsbereich<\/h3>\n<p>Diese Datenschutzerkl\u00e4rung kl\u00e4rt Nutzer \u00fcber die Art, den Umfang und Zwecke der Erhebung und Verwendung personenbezogener Daten durch den verantwortlichen Anbieter [Umpferstedter Sch\u00fctzenverein e.V.] auf dieser Website (im folgenden \u201cAngebot\u201d) auf.<\/p>\n<h3 id=\"dsg-general-datatype\">Arten der verarbeiteten Daten<\/h3>\n<p>\u2013 Inhaltsdaten (z.B. Namen, Texteingaben, Fotografien, Videos)<br \/>\n\u2013 Bestandsdaten (z.B. Namen, Adressen) bei Kontaktaufnahme<br \/>\n\u2013 Kontaktdaten (z.B. E-Mail, Telefonnummern) bei Kontaktaufnahme<br \/>\n\u2013 Meta-\/Kommunikationsdaten (z.B. Ger\u00e4te-Informationen, IP-Adressen)<\/p>\n<h3 id=\"dsg-general-datasubjects\">Kategorien betroffener Personen<\/h3>\n<p>Besucher und Nutzer des Onlineangebotes (Nachfolgend bezeichnen wir die betroffenen Personen zusammenfassend auch als \u201eNutzer\u201c).<\/p>\n<h3 id=\"dsg-general-purpose\">Zweck der Verarbeitung<\/h3>\n<p>\u2013 Zurverf\u00fcgungstellung des Onlineangebotes, seiner Funktionen und Inhalte<br \/>\n\u2013 Beantwortung von Kontaktanfragen und Kommunikation mit Nutzern<br \/>\n\u2013 Sicherheitsma\u00dfnahmen<br \/>\n&#8211;\u00a0Repr\u00e4sentation des Umpferstedter Sch\u00fctzenvereins e.V. im digitalen Raum<\/p>\n<h3 id=\"dsg-contact\">Kontaktaufnahme<\/h3>\n<p><span class=\"ts-muster-content\">Bei der Kontaktaufnahme mit uns (z.B. per Kontaktformular, E-Mail, Telefon oder via sozialer Medien) werden die Angaben des Nutzers zur Bearbeitung der Kontaktanfrage und deren Abwicklung gem. Art. <a title=\"Art. 6 DSGVO: Rechtm\u00e4\u00dfigkeit der Verarbeitung\" href=\"https:\/\/dejure.org\/gesetze\/DSGVO\/6.html\">6<\/a> Abs. 1 lit. b) DSGVO verarbeitet. \u00a0<\/span>Wir l\u00f6schen die Anfragen, sofern diese nicht mehr erforderlich sind. Wir \u00fcberpr\u00fcfen die Erforderlichkeit alle zwei Jahre. Ferner gelten die gesetzlichen Archivierungspflichten.<\/p>\n<h3><strong>Hinweis zur Kontaktaufnahme per E-Mail<\/strong><\/h3>\n<p>Wenn Sie per E-Mail Daten an uns \u00fcbersenden, so erkl\u00e4ren Sie sich per damit einverstanden, dass wir Ihre Angaben f\u00fcr die Beantwortung Ihrer Anfrage verwenden. Die von Ihnen \u00fcbermittelten Daten und Informationen werden an die inhaltlich f\u00fcr Ihr Anliegen zust\u00e4ndigen Personen innerhalb des Vereins weitergegeben. Ihr Anliegen wird dort von den f\u00fcr das jeweilige Thema zust\u00e4ndigen Personen bearbeitet.<\/p>\n<p>Eine Weitergabe an sonstige Dritte findet grunds\u00e4tzlich nicht statt, es sei denn geltende Datenschutzvorschriften rechtfertigen eine \u00dcbertragung oder wir sind dazu gesetzlich verpflichtet. Sie k\u00f6nnen Ihre erteilte Einwilligung jederzeit widerrufen, was dann aber die Beantwortung Ihrer Anfrage unm\u00f6glich machen kann.<\/p>\n<h3><strong>Anonyme Datenverarbeitung<\/strong><\/h3>\n<p>Eine Speicherung personenbezogener Daten findet grunds\u00e4tzlich nicht statt. F\u00fcr die Nutzung einzelner interaktiver Services (E-Mail) unserer Seite k\u00f6nnen sich aber abweichende Regelungen ergeben. Falls Sie einen solchen Service in Anspruch nehmen m\u00f6chten, m\u00fcssen wir zur Bearbeitung Ihrer Anfrage personenbezogene Daten verarbeiten. Hierunter fallen Angaben wie z.B. Ihr Name, Ihre Postanschrift und\/oder E-Mail-Adresse.\u00a0Wir verarbeiten Ihre personenbezogenen Daten in der Regel nur in dem Umfang, wie Sie uns diese selbst \u00fcber das Internetportal zur Verf\u00fcgung stellen. Sollten ausnahmsweise weitere personenbezogene Daten zur Bearbeitung Ihres Anliegens erforderlich sein, werden Sie diesbez\u00fcglich erg\u00e4nzend um eine ausdr\u00fcckliche Einwilligung gebeten<\/p>\n<h3 id=\"dsg-general-terms\">Verwendete Begrifflichkeiten<\/h3>\n<p>\u201ePersonenbezogene Daten\u201c sind alle Informationen, die sich auf eine identifizierte oder identifizierbare nat\u00fcrliche Person (im Folgenden \u201ebetroffene Person\u201c) beziehen; als identifizierbar wird eine nat\u00fcrliche Person angesehen, die direkt oder indirekt, insbesondere mittels Zuordnung zu einer Kennung wie einem Namen, zu einer Kennnummer, zu Standortdaten, zu einer Online-Kennung (z.B. Cookie) oder zu einem oder mehreren besonderen Merkmalen identifiziert werden kann, die Ausdruck der physischen, physiologischen, genetischen, psychischen, wirtschaftlichen, kulturellen oder sozialen Identit\u00e4t dieser nat\u00fcrlichen Person sind.<\/p>\n<p>\u201eVerarbeitung\u201c ist jeder mit oder ohne Hilfe automatisierter Verfahren ausgef\u00fchrte Vorgang oder jede solche Vorgangsreihe im Zusammenhang mit personenbezogenen Daten. Der Begriff reicht weit und umfasst praktisch jeden Umgang mit Daten.<\/p>\n<p>\u201ePseudonymisierung\u201c die Verarbeitung personenbezogener Daten in einer Weise, dass die personenbezogenen Daten ohne Hinzuziehung zus\u00e4tzlicher Informationen nicht mehr einer spezifischen betroffenen Person zugeordnet werden k\u00f6nnen, sofern diese zus\u00e4tzlichen Informationen gesondert aufbewahrt werden und technischen und organisatorischen Ma\u00dfnahmen unterliegen, die gew\u00e4hrleisten, dass die personenbezogenen Daten nicht einer identifizierten oder identifizierbaren nat\u00fcrlichen Person zugewiesen werden.<\/p>\n<p>\u201eProfiling\u201c jede Art der automatisierten Verarbeitung personenbezogener Daten, die darin besteht, dass diese personenbezogenen Daten verwendet werden, um bestimmte pers\u00f6nliche Aspekte, die sich auf eine nat\u00fcrliche Person beziehen, zu bewerten, insbesondere um Aspekte bez\u00fcglich Arbeitsleistung, wirtschaftliche Lage, Gesundheit, pers\u00f6nliche Vorlieben, Interessen, Zuverl\u00e4ssigkeit, Verhalten, Aufenthaltsort oder Ortswechsel dieser nat\u00fcrlichen Person zu analysieren oder vorherzusagen.<\/p>\n<p>Als \u201eVerantwortlicher\u201c wird die nat\u00fcrliche oder juristische Person, Beh\u00f6rde, Einrichtung oder andere Stelle, die allein oder gemeinsam mit anderen \u00fcber die Zwecke und Mittel der Verarbeitung von personenbezogenen Daten entscheidet, bezeichnet.<\/p>\n<h3 id=\"dsg-general-legalbasis\">Ma\u00dfgebliche Rechtsgrundlagen<\/h3>\n<p>Nach Ma\u00dfgabe des Art. <a title=\"Art. 13 DSGVO: Informationspflicht bei Erhebung von personenbezogenen Daten bei der betroffenen Person\" href=\"https:\/\/dejure.org\/gesetze\/DSGVO\/13.html\">13<\/a> DSGVO teilen wir Ihnen die Rechtsgrundlagen unserer Datenverarbeitungen mit. Sofern die Rechtsgrundlage in der Datenschutzerkl\u00e4rung nicht genannt wird, gilt Folgendes: Die Rechtsgrundlage f\u00fcr die Einholung von Einwilligungen ist Art. 6 Abs. 1 lit. a und Art. <a title=\"Art. 7 DSGVO: Bedingungen f\u00fcr die Einwilligung\" href=\"https:\/\/dejure.org\/gesetze\/DSGVO\/7.html\">7<\/a> DSGVO, die Rechtsgrundlage f\u00fcr die Verarbeitung zur Erf\u00fcllung unserer Leistungen und Durchf\u00fchrung vertraglicher Ma\u00dfnahmen sowie Beantwortung von Anfragen ist Art. <a title=\"Art. 6 DSGVO: Rechtm\u00e4\u00dfigkeit der Verarbeitung\" href=\"https:\/\/dejure.org\/gesetze\/DSGVO\/6.html\">6<\/a> Abs. 1 lit. b DSGVO, die Rechtsgrundlage f\u00fcr die Verarbeitung zur Erf\u00fcllung unserer rechtlichen Verpflichtungen ist Art. <a title=\"Art. 6 DSGVO: Rechtm\u00e4\u00dfigkeit der Verarbeitung\" href=\"https:\/\/dejure.org\/gesetze\/DSGVO\/6.html\">6<\/a> Abs. 1 lit. c DSGVO, und die Rechtsgrundlage f\u00fcr die Verarbeitung zur <strong>Wahrung unserer berechtigten Interessen<\/strong> ist Art. <a title=\"Art. 6 DSGVO: Rechtm\u00e4\u00dfigkeit der Verarbeitung\" href=\"https:\/\/dejure.org\/gesetze\/DSGVO\/6.html\">6<\/a> Abs. 1 lit. f DSGVO. F\u00fcr den Fall, dass lebenswichtige Interessen der betroffenen Person oder einer anderen nat\u00fcrlichen Person eine Verarbeitung personenbezogener Daten erforderlich machen, dient Art. <a title=\"Art. 6 DSGVO: Rechtm\u00e4\u00dfigkeit der Verarbeitung\" href=\"https:\/\/dejure.org\/gesetze\/DSGVO\/6.html\">6<\/a> Abs. 1 lit. d DSGVO als Rechtsgrundlage.<\/p>\n<h3 id=\"dsg-general-securitymeasures\">Sicherheitsma\u00dfnahmen<\/h3>\n<p>Wir treffen nach Ma\u00dfgabe des Art. <a title=\"Art. 32 DSGVO: Sicherheit der Verarbeitung\" href=\"https:\/\/dejure.org\/gesetze\/DSGVO\/32.html\">32<\/a> DSGVO unter Ber\u00fccksichtigung des Stands der Technik, der Implementierungskosten und der Art, des Umfangs, der Umst\u00e4nde und der Zwecke der Verarbeitung sowie der unterschiedlichen Eintrittswahrscheinlichkeit und Schwere des Risikos f\u00fcr die Rechte und Freiheiten nat\u00fcrlicher Personen, geeignete technische und organisatorische Ma\u00dfnahmen, um ein dem Risiko angemessenes Schutzniveau zu gew\u00e4hrleisten.<\/p>\n<p>Zu den Ma\u00dfnahmen geh\u00f6ren insbesondere die Sicherung der Vertraulichkeit, Integrit\u00e4t und Verf\u00fcgbarkeit von Daten durch Kontrolle des physischen Zugangs zu den Daten, als auch des sie betreffenden Zugriffs, der Eingabe, Weitergabe, der Sicherung der Verf\u00fcgbarkeit und ihrer Trennung. Des Weiteren haben wir Verfahren eingerichtet, die eine Wahrnehmung von Betroffenenrechten, L\u00f6schung von Daten und Reaktion auf Gef\u00e4hrdung der Daten gew\u00e4hrleisten. Ferner ber\u00fccksichtigen wir den Schutz personenbezogener Daten bereits bei der Entwicklung, bzw. Auswahl von Hardware, Software sowie Verfahren, entsprechend dem Prinzip des Datenschutzes durch Technikgestaltung und durch datenschutzfreundliche Voreinstellungen (Art. <a title=\"Art. 25 DSGVO: Datenschutz durch Technikgestaltung und durch datenschutzfreundliche Voreinstellungen\" href=\"https:\/\/dejure.org\/gesetze\/DSGVO\/25.html\">25<\/a> DSGVO).<\/p>\n<h3 id=\"dsg-general-rightssubject\">Rechte der betroffenen Personen<\/h3>\n<p>Sie haben das Recht, eine Best\u00e4tigung dar\u00fcber zu verlangen, ob betreffende Daten verarbeitet werden und auf Auskunft \u00fcber diese Daten sowie auf weitere Informationen und Kopie der Daten entsprechend Art. <a title=\"Art. 15 DSGVO: Auskunftsrecht der betroffenen Person\" href=\"https:\/\/dejure.org\/gesetze\/DSGVO\/15.html\">15<\/a> DSGVO.<\/p>\n<p>Sie haben entsprechend. Art. <a title=\"Art. 16 DSGVO: Recht auf Berichtigung\" href=\"https:\/\/dejure.org\/gesetze\/DSGVO\/16.html\">16<\/a> DSGVO das Recht, die Vervollst\u00e4ndigung der Sie betreffenden Daten oder die Berichtigung der Sie betreffenden unrichtigen Daten zu verlangen.<\/p>\n<p>Sie haben nach Ma\u00dfgabe des Art. <a title=\"Art. 17 DSGVO: Recht auf L\u00f6schung (&quot;Recht auf Vergessenwerden&quot;)\" href=\"https:\/\/dejure.org\/gesetze\/DSGVO\/17.html\">17<\/a> DSGVO das Recht zu verlangen, dass betreffende Daten unverz\u00fcglich gel\u00f6scht werden, bzw. alternativ nach Ma\u00dfgabe des Art. <a title=\"Art. 18 DSGVO: Recht auf Einschr\u00e4nkung der Verarbeitung\" href=\"https:\/\/dejure.org\/gesetze\/DSGVO\/18.html\">18<\/a> DSGVO eine Einschr\u00e4nkung der Verarbeitung der Daten zu verlangen.<\/p>\n<p>Sie haben das Recht zu verlangen, dass die Sie betreffenden Daten, die Sie uns bereitgestellt haben nach Ma\u00dfgabe des Art. <a title=\"Art. 20 DSGVO: Recht auf Daten\u00fcbertragbarkeit\" href=\"https:\/\/dejure.org\/gesetze\/DSGVO\/20.html\">20<\/a> DSGVO zu erhalten und deren \u00dcbermittlung an andere Verantwortliche zu fordern.<\/p>\n<p>Sie haben ferner gem. Art. <a title=\"Art. 77 DSGVO: Recht auf Beschwerde bei einer Aufsichtsbeh\u00f6rde\" href=\"https:\/\/dejure.org\/gesetze\/DSGVO\/77.html\">77<\/a> DSGVO das Recht, eine Beschwerde bei der zust\u00e4ndigen Aufsichtsbeh\u00f6rde einzureichen.<\/p>\n<h3 id=\"dsg-general-revokeconsent\">Widerrufsrecht<\/h3>\n<p>Sie haben das Recht, erteilte Einwilligungen gem. Art. <a title=\"Art. 7 DSGVO: Bedingungen f\u00fcr die Einwilligung\" href=\"https:\/\/dejure.org\/gesetze\/DSGVO\/7.html\">7<\/a> Abs. 3 DSGVO mit Wirkung f\u00fcr die Zukunft zu widerrufen<\/p>\n<h3 id=\"dsg-general-object\">Widerspruchsrecht<\/h3>\n<p>Sie k\u00f6nnen der k\u00fcnftigen Verarbeitung der Sie betreffenden Daten nach Ma\u00dfgabe des Art. <a title=\"Art. 21 DSGVO: Widerspruchsrecht\" href=\"https:\/\/dejure.org\/gesetze\/DSGVO\/21.html\">21<\/a> DSGVO jederzeit widersprechen. Der Widerspruch kann insbesondere gegen die Verarbeitung f\u00fcr Zwecke der Direktwerbung erfolgen.<\/p>\n<h3 id=\"dsg-general-cookies\">Cookies und Widerspruchsrecht<\/h3>\n<p>Als \u201eCookies\u201c werden kleine Dateien bezeichnet, die auf Rechnern der Nutzer gespeichert werden. Innerhalb der Cookies k\u00f6nnen unterschiedliche Angaben gespeichert werden. Ein Cookie dient prim\u00e4r dazu, die Angaben zu einem Nutzer (bzw. dem Ger\u00e4t auf dem das Cookie gespeichert ist) w\u00e4hrend oder auch nach seinem Besuch innerhalb eines Onlineangebotes zu speichern. Als tempor\u00e4re Cookies, bzw. \u201eSession-Cookies\u201c oder \u201etransiente Cookies\u201c, werden Cookies bezeichnet, die gel\u00f6scht werden, nachdem ein Nutzer ein Onlineangebot verl\u00e4sst und seinen Browser schlie\u00dft. In einem solchen Cookie kann z.B. der Inhalt eines Warenkorbs in einem Onlineshop oder ein Login-Status gespeichert werden. Als \u201epermanent\u201c oder \u201epersistent\u201c werden Cookies bezeichnet, die auch nach dem Schlie\u00dfen des Browsers gespeichert bleiben. So kann z.B. der Login-Status gespeichert werden, wenn die Nutzer diese nach mehreren Tagen aufsuchen. Ebenso k\u00f6nnen in einem solchen Cookie die Interessen der Nutzer gespeichert werden, die f\u00fcr Reichweitenmessung oder Marketingzwecke verwendet werden. Als \u201eThird-Party-Cookie\u201c werden Cookies bezeichnet, die von anderen Anbietern als dem Verantwortlichen, der das Onlineangebot betreibt, angeboten werden (andernfalls, wenn es nur dessen Cookies sind spricht man von \u201eFirst-Party Cookies\u201c).<\/p>\n<p>Wir nutzen derzeit keinerlei tempor\u00e4re oder permanente Cookies au\u00dfer denen zum technischen Betrieb der Website notwendigen Cookies \u00a0auf unserer Website, kl\u00e4ren \u00a0jedoch gern hier\u00fcber im Rahmen unserer Datenschutzerkl\u00e4rung auf.<\/p>\n<p>Falls die Nutzer nicht m\u00f6chten, dass Cookies auf ihrem Rechner gespeichert werden, werden sie gebeten die entsprechende Option in den Systemeinstellungen ihres Browsers zu deaktivieren. Gespeicherte Cookies k\u00f6nnen in den Systemeinstellungen des Browsers gel\u00f6scht werden. Der Ausschluss von Cookies kann zu Funktionseinschr\u00e4nkungen dieses Onlineangebotes f\u00fchren.<\/p>\n<p>Ein genereller Widerspruch gegen den Einsatz der zu Zwecken des Onlinemarketing eingesetzten Cookies kann bei einer Vielzahl der Dienste, vor allem im Fall des Trackings, \u00fcber die US-amerikanische Seite <a href=\"http:\/\/www.aboutads.info\/choices\/\">http:\/\/www.aboutads.info\/choices\/<\/a> oder die EU-Seite <a href=\"http:\/\/www.youronlinechoices.com\/\">http:\/\/www.youronlinechoices.com\/<\/a> erkl\u00e4rt werden. Des Weiteren kann die Speicherung von Cookies mittels deren Abschaltung in den Einstellungen des Browsers erreicht werden. Bitte beachten Sie, dass dann gegebenenfalls nicht alle Funktionen dieses Onlineangebotes genutzt werden k\u00f6nnen.<\/p>\n<h3 id=\"dsg-general-erasure\">L\u00f6schung von Daten<\/h3>\n<p>Die von uns verarbeiteten Daten werden nach Ma\u00dfgabe der Art. <a title=\"Art. 17 DSGVO: Recht auf L\u00f6schung (&quot;Recht auf Vergessenwerden&quot;)\" href=\"https:\/\/dejure.org\/gesetze\/DSGVO\/17.html\">17<\/a> und <a title=\"Art. 18 DSGVO: Recht auf Einschr\u00e4nkung der Verarbeitung\" href=\"https:\/\/dejure.org\/gesetze\/DSGVO\/18.html\">18<\/a> DSGVO gel\u00f6scht oder in ihrer Verarbeitung eingeschr\u00e4nkt. Sofern nicht im Rahmen dieser Datenschutzerkl\u00e4rung ausdr\u00fccklich angegeben, werden die bei uns gespeicherten Daten gel\u00f6scht, sobald sie f\u00fcr ihre Zweckbestimmung nicht mehr erforderlich sind und der L\u00f6schung keine gesetzlichen Aufbewahrungspflichten entgegenstehen. Sofern die Daten nicht gel\u00f6scht werden, weil sie f\u00fcr andere und gesetzlich zul\u00e4ssige Zwecke erforderlich sind, wird deren Verarbeitung eingeschr\u00e4nkt. D.h. die Daten werden gesperrt und nicht f\u00fcr andere Zwecke verarbeitet. Das gilt z.B. f\u00fcr Daten, die aus handels- oder steuerrechtlichen Gr\u00fcnden aufbewahrt werden m\u00fcssen.<\/p>\n<p>Nach gesetzlichen Vorgaben in Deutschland, erfolgt die Aufbewahrung insbesondere f\u00fcr 10 Jahre gem\u00e4\u00df \u00a7\u00a7 <a title=\"\u00a7 147 AO: Ordnungsvorschriften f\u00fcr die Aufbewahrung von Unterlagen\" href=\"https:\/\/dejure.org\/gesetze\/AO\/147.html\">147<\/a> Abs. 1 AO, <a title=\"\u00a7 257 HGB: Aufbewahrung von Unterlagen. Aufbewahrungsfristen\" href=\"https:\/\/dejure.org\/gesetze\/HGB\/257.html\">257<\/a> Abs. 1 Nr. 1 und 4, Abs. 4 HGB (B\u00fccher, Aufzeichnungen, Lageberichte, Buchungsbelege, Handelsb\u00fccher, f\u00fcr Besteuerung relevanter Unterlagen, etc.) und 6 Jahre gem\u00e4\u00df \u00a7 <a title=\"\u00a7 257 HGB: Aufbewahrung von Unterlagen. Aufbewahrungsfristen\" href=\"https:\/\/dejure.org\/gesetze\/HGB\/257.html\">257<\/a> Abs. 1 Nr. 2 und 3, Abs. 4 HGB (Handelsbriefe).<\/p>\n<h3 id=\"dsg-hostingprovider\">Hosting<\/h3>\n<p><span class=\"ts-muster-content\">Die von uns in Anspruch genommenen Hosting-Leistungen dienen der Zurverf\u00fcgungstellung der folgenden Leistungen: Infrastruktur- und Plattformdienstleistungen, Rechenkapazit\u00e4t, Speicherplatz und Datenbankdienste, Sicherheitsleistungen sowie technische Wartungsleistungen, die wir zum Zwecke des Betriebs dieses Onlineangebotes einsetzen.<\/span><\/p>\n<p>Hierbei verarbeiten wir, bzw. unser Hostinganbieter Bestandsdaten, Kontaktdaten, Inhaltsdaten, Vertragsdaten, Nutzungsdaten, Meta- und Kommunikationsdaten von Kunden, Interessenten und Besuchern dieses Onlineangebotes auf Grundlage unserer berechtigten Interessen an einer effizienten und sicheren Zurverf\u00fcgungstellung dieses Onlineangebotes gem. Art. <a title=\"Art. 6 DSGVO: Rechtm\u00e4\u00dfigkeit der Verarbeitung\" href=\"https:\/\/dejure.org\/gesetze\/DSGVO\/6.html\">6<\/a> Abs. 1 lit. f DSGVO i.V.m. Art. <a title=\"Art. 28 DSGVO: Auftragsverarbeiter\" href=\"https:\/\/dejure.org\/gesetze\/DSGVO\/28.html\">28<\/a> DSGVO (Abschluss Auftragsverarbeitungsvertrag).<\/p>\n<p><a href=\"http:\/\/rechtsanwalt-schwenke.de\/smmr-buch\/datenschutz-muster-generator-fuer-webseiten-blogs-und-social-media\/\"><strong>Datenschutz-Muster von Rechtsanwalt Thomas Schwenke \u2013 I LAW it<\/strong><\/a><\/p>\n","protected":false},"excerpt":{"rendered":"<p>Hier die rechtlichen Informationen Impressum und Datenschutz: Diese Homepage dient der Repr\u00e4sentation des Umpferstedter Sch\u00fctzenvereins e.V. im digitalen Raum. Postanschrift: Umpferstedter Sch\u00fctzenverein e.V. Safransgarten 17 99441 Umpferstedt Kontakt: Telefon: 03643 \/ 505839 E-Mail:\u00a0info@schuetzenverein-umpferstedt.com Adresse Sch\u00fctzenhaus: Umpferstedter Sch\u00fctzenverein e.V. Auf der Frankendorfer Marke 99441 Umpferstedt Vorsitzender des Vereins: Peter Schneega\u00df Inhaltlich Verantwortlicher Homepage: Lothar L\u00f6bnitz Aus [&hellip;]<\/p>\n","protected":false},"author":2,"featured_media":0,"parent":0,"menu_order":9,"comment_status":"closed","ping_status":"closed","template":"","meta":{"ocean_post_layout":"","ocean_both_sidebars_style":"","ocean_both_sidebars_content_width":0,"ocean_both_sidebars_sidebars_width":0,"ocean_sidebar":"","ocean_second_sidebar":"","ocean_disable_margins":"enable","ocean_add_body_class":"","ocean_shortcode_before_top_bar":"","ocean_shortcode_after_top_bar":"","ocean_shortcode_before_header":"","ocean_shortcode_after_header":"","ocean_has_shortcode":"","ocean_shortcode_after_title":"","ocean_shortcode_before_footer_widgets":"","ocean_shortcode_after_footer_widgets":"","ocean_shortcode_before_footer_bottom":"","ocean_shortcode_after_footer_bottom":"","ocean_display_top_bar":"default","ocean_display_header":"default","ocean_header_style":"","ocean_center_header_left_menu":"","ocean_custom_header_template":"","ocean_custom_logo":0,"ocean_custom_retina_logo":0,"ocean_custom_logo_max_width":0,"ocean_custom_logo_tablet_max_width":0,"ocean_custom_logo_mobile_max_width":0,"ocean_custom_logo_max_height":0,"ocean_custom_logo_tablet_max_height":0,"ocean_custom_logo_mobile_max_height":0,"ocean_header_custom_menu":"","ocean_menu_typo_font_family":"","ocean_menu_typo_font_subset":"","ocean_menu_typo_font_size":0,"ocean_menu_typo_font_size_tablet":0,"ocean_menu_typo_font_size_mobile":0,"ocean_menu_typo_font_size_unit":"px","ocean_menu_typo_font_weight":"","ocean_menu_typo_font_weight_tablet":"","ocean_menu_typo_font_weight_mobile":"","ocean_menu_typo_transform":"","ocean_menu_typo_transform_tablet":"","ocean_menu_typo_transform_mobile":"","ocean_menu_typo_line_height":0,"ocean_menu_typo_line_height_tablet":0,"ocean_menu_typo_line_height_mobile":0,"ocean_menu_typo_line_height_unit":"","ocean_menu_typo_spacing":0,"ocean_menu_typo_spacing_tablet":0,"ocean_menu_typo_spacing_mobile":0,"ocean_menu_typo_spacing_unit":"","ocean_menu_link_color":"","ocean_menu_link_color_hover":"","ocean_menu_link_color_active":"","ocean_menu_link_background":"","ocean_menu_link_hover_background":"","ocean_menu_link_active_background":"","ocean_menu_social_links_bg":"","ocean_menu_social_hover_links_bg":"","ocean_menu_social_links_color":"","ocean_menu_social_hover_links_color":"","ocean_disable_title":"default","ocean_disable_heading":"default","ocean_post_title":"","ocean_post_subheading":"","ocean_post_title_style":"","ocean_post_title_background_color":"","ocean_post_title_background":0,"ocean_post_title_bg_image_position":"","ocean_post_title_bg_image_attachment":"","ocean_post_title_bg_image_repeat":"","ocean_post_title_bg_image_size":"","ocean_post_title_height":0,"ocean_post_title_bg_overlay":0.5,"ocean_post_title_bg_overlay_color":"","ocean_disable_breadcrumbs":"default","ocean_breadcrumbs_color":"","ocean_breadcrumbs_separator_color":"","ocean_breadcrumbs_links_color":"","ocean_breadcrumbs_links_hover_color":"","ocean_display_footer_widgets":"default","ocean_display_footer_bottom":"default","ocean_custom_footer_template":"","footnotes":""},"class_list":["post-6","page","type-page","status-publish","hentry","entry"],"_links":{"self":[{"href":"https:\/\/www.schuetzenverein-umpferstedt.com\/index.php?rest_route=\/wp\/v2\/pages\/6","targetHints":{"allow":["GET"]}}],"collection":[{"href":"https:\/\/www.schuetzenverein-umpferstedt.com\/index.php?rest_route=\/wp\/v2\/pages"}],"about":[{"href":"https:\/\/www.schuetzenverein-umpferstedt.com\/index.php?rest_route=\/wp\/v2\/types\/page"}],"author":[{"embeddable":true,"href":"https:\/\/www.schuetzenverein-umpferstedt.com\/index.php?rest_route=\/wp\/v2\/users\/2"}],"replies":[{"embeddable":true,"href":"https:\/\/www.schuetzenverein-umpferstedt.com\/index.php?rest_route=%2Fwp%2Fv2%2Fcomments&post=6"}],"version-history":[{"count":29,"href":"https:\/\/www.schuetzenverein-umpferstedt.com\/index.php?rest_route=\/wp\/v2\/pages\/6\/revisions"}],"predecessor-version":[{"id":2039,"href":"https:\/\/www.schuetzenverein-umpferstedt.com\/index.php?rest_route=\/wp\/v2\/pages\/6\/revisions\/2039"}],"wp:attachment":[{"href":"https:\/\/www.schuetzenverein-umpferstedt.com\/index.php?rest_route=%2Fwp%2Fv2%2Fmedia&parent=6"}],"curies":[{"name":"wp","href":"https:\/\/api.w.org\/{rel}","templated":true}]}}