{"id":1883,"date":"2024-06-22T13:57:07","date_gmt":"2024-06-22T13:57:07","guid":{"rendered":"http:\/\/www.schuetzenverein-umpferstedt.com\/?page_id=1883"},"modified":"2025-12-19T10:31:56","modified_gmt":"2025-12-19T10:31:56","slug":"stand","status":"publish","type":"page","link":"https:\/\/www.schuetzenverein-umpferstedt.com\/?page_id=1883","title":{"rendered":"Stand"},"content":{"rendered":"<h4><span style=\"color: #008000;\"><strong>Kurzinfos zum Raum-Schie\u00dfstand und Freiluftstand:<\/strong><\/span><\/h4>\n<h3>Raum-Schie\u00dfstand f\u00fcr Luftdruckwaffen<\/h3>\n<p>Im Sch\u00fctzenhaus gibt es einen Saal, der als Raum-Schie\u00dfstand f\u00fcr freie Luftdruckwaffen bis maximal 7,5 Joule dient. Der Raum ist mit f\u00fcnf Sch\u00fctzenst\u00e4nden ausgestattet, und die Distanz betr\u00e4gt 10 Meter. Jeder Stand verf\u00fcgt \u00fcber eine moderne elektronische Zielerfassung (4x LW; 1xKW).<\/p>\n<h3>Freiluftstand f\u00fcr Kleinkaliber- (KK) und Gro\u00dfkaliberwaffen (GK)<\/h3>\n<p>Unmittelbar hinter dem Sch\u00fctzenhaus befindet sich der Freiluftstand f\u00fcr KK- und GK-Waffen mit sechs Sch\u00fctzenst\u00e4nden. Alle St\u00e4nde sind mit elektrischen Scheibenzuganlagen ausgestattet, und der Sch\u00fctzenbereich ist \u00fcberdacht. Es kann in allen Anschlagsarten entsprechend der Sportordnung des Deutschen Sch\u00fctzenbundes (DSB) und des Th\u00fcringer Sch\u00fctzenbundes (TSB) geschossen werden. Bei Bedarf stehen f\u00fcr das Auflageschie\u00dfen entsprechende Hilfsmittel zur Verf\u00fcgung, zum Beispiel Sands\u00e4cke, St\u00e4nder, Schie\u00dftische und Hocker.<\/p>\n<p><strong>Sch\u00fctzenst\u00e4nde Nr. 1 und Nr. 2:<\/strong><br \/>\nDiese St\u00e4nde sind f\u00fcr Kurzwaffen mit einer Entfernung von 25 Metern vorgesehen.<\/p>\n<p><strong>Sch\u00fctzenst\u00e4nde Nr. 3 bis Nr. 6:<\/strong><br \/>\nDiese St\u00e4nde sind f\u00fcr Wettbewerbe mit Langwaffen auf Entfernungen von 50 Metern oder 100 Metern vorgesehen. Der Schie\u00dfleiter kann die Entfernung der Scheiben auf diesen Bahnen je nach Wettkampf oder Trainingswunsch entsprechend einstellen.<br \/>\nAn diesen St\u00e4nden (Nr. 3 bis Nr. 6) k\u00f6nnen die Scheibentreffer durch fest installierte Kameratechnik bei allen vorgegebenen Entfernungen auf einem privaten Mobilger\u00e4t (Handy, Tablet) mithilfe einer zu installierenden App w\u00e4hrend des Trainings oder auch bei Wettk\u00e4mpfen (sofern es die Ausschreibung zul\u00e4sst) beobachtet werden.<\/p>\n","protected":false},"excerpt":{"rendered":"<p>Kurzinfos zum Raum-Schie\u00dfstand und Freiluftstand: Raum-Schie\u00dfstand f\u00fcr Luftdruckwaffen Im Sch\u00fctzenhaus gibt es einen Saal, der als Raum-Schie\u00dfstand f\u00fcr freie Luftdruckwaffen bis maximal 7,5 Joule dient. Der Raum ist mit f\u00fcnf Sch\u00fctzenst\u00e4nden ausgestattet, und die Distanz betr\u00e4gt 10 Meter. Jeder Stand verf\u00fcgt \u00fcber eine moderne elektronische Zielerfassung (4x LW; 1xKW). Freiluftstand f\u00fcr Kleinkaliber- (KK) und Gro\u00dfkaliberwaffen [&hellip;]<\/p>\n","protected":false},"author":3,"featured_media":0,"parent":0,"menu_order":0,"comment_status":"closed","ping_status":"closed","template":"","meta":{"ocean_post_layout":"","ocean_both_sidebars_style":"","ocean_both_sidebars_content_width":0,"ocean_both_sidebars_sidebars_width":0,"ocean_sidebar":"0","ocean_second_sidebar":"0","ocean_disable_margins":"enable","ocean_add_body_class":"","ocean_shortcode_before_top_bar":"","ocean_shortcode_after_top_bar":"","ocean_shortcode_before_header":"","ocean_shortcode_after_header":"","ocean_has_shortcode":"","ocean_shortcode_after_title":"","ocean_shortcode_before_footer_widgets":"","ocean_shortcode_after_footer_widgets":"","ocean_shortcode_before_footer_bottom":"","ocean_shortcode_after_footer_bottom":"","ocean_display_top_bar":"default","ocean_display_header":"default","ocean_header_style":"","ocean_center_header_left_menu":"0","ocean_custom_header_template":"0","ocean_custom_logo":0,"ocean_custom_retina_logo":0,"ocean_custom_logo_max_width":0,"ocean_custom_logo_tablet_max_width":0,"ocean_custom_logo_mobile_max_width":0,"ocean_custom_logo_max_height":0,"ocean_custom_logo_tablet_max_height":0,"ocean_custom_logo_mobile_max_height":0,"ocean_header_custom_menu":"0","ocean_menu_typo_font_family":"0","ocean_menu_typo_font_subset":"","ocean_menu_typo_font_size":0,"ocean_menu_typo_font_size_tablet":0,"ocean_menu_typo_font_size_mobile":0,"ocean_menu_typo_font_size_unit":"px","ocean_menu_typo_font_weight":"","ocean_menu_typo_font_weight_tablet":"","ocean_menu_typo_font_weight_mobile":"","ocean_menu_typo_transform":"","ocean_menu_typo_transform_tablet":"","ocean_menu_typo_transform_mobile":"","ocean_menu_typo_line_height":0,"ocean_menu_typo_line_height_tablet":0,"ocean_menu_typo_line_height_mobile":0,"ocean_menu_typo_line_height_unit":"","ocean_menu_typo_spacing":0,"ocean_menu_typo_spacing_tablet":0,"ocean_menu_typo_spacing_mobile":0,"ocean_menu_typo_spacing_unit":"","ocean_menu_link_color":"","ocean_menu_link_color_hover":"","ocean_menu_link_color_active":"","ocean_menu_link_background":"","ocean_menu_link_hover_background":"","ocean_menu_link_active_background":"","ocean_menu_social_links_bg":"","ocean_menu_social_hover_links_bg":"","ocean_menu_social_links_color":"","ocean_menu_social_hover_links_color":"","ocean_disable_title":"default","ocean_disable_heading":"default","ocean_post_title":"","ocean_post_subheading":"","ocean_post_title_style":"","ocean_post_title_background_color":"","ocean_post_title_background":0,"ocean_post_title_bg_image_position":"","ocean_post_title_bg_image_attachment":"","ocean_post_title_bg_image_repeat":"","ocean_post_title_bg_image_size":"","ocean_post_title_height":0,"ocean_post_title_bg_overlay":0.5,"ocean_post_title_bg_overlay_color":"","ocean_disable_breadcrumbs":"default","ocean_breadcrumbs_color":"","ocean_breadcrumbs_separator_color":"","ocean_breadcrumbs_links_color":"","ocean_breadcrumbs_links_hover_color":"","ocean_display_footer_widgets":"default","ocean_display_footer_bottom":"default","ocean_custom_footer_template":"0","footnotes":""},"class_list":["post-1883","page","type-page","status-publish","hentry","entry"],"_links":{"self":[{"href":"https:\/\/www.schuetzenverein-umpferstedt.com\/index.php?rest_route=\/wp\/v2\/pages\/1883","targetHints":{"allow":["GET"]}}],"collection":[{"href":"https:\/\/www.schuetzenverein-umpferstedt.com\/index.php?rest_route=\/wp\/v2\/pages"}],"about":[{"href":"https:\/\/www.schuetzenverein-umpferstedt.com\/index.php?rest_route=\/wp\/v2\/types\/page"}],"author":[{"embeddable":true,"href":"https:\/\/www.schuetzenverein-umpferstedt.com\/index.php?rest_route=\/wp\/v2\/users\/3"}],"replies":[{"embeddable":true,"href":"https:\/\/www.schuetzenverein-umpferstedt.com\/index.php?rest_route=%2Fwp%2Fv2%2Fcomments&post=1883"}],"version-history":[{"count":11,"href":"https:\/\/www.schuetzenverein-umpferstedt.com\/index.php?rest_route=\/wp\/v2\/pages\/1883\/revisions"}],"predecessor-version":[{"id":2532,"href":"https:\/\/www.schuetzenverein-umpferstedt.com\/index.php?rest_route=\/wp\/v2\/pages\/1883\/revisions\/2532"}],"wp:attachment":[{"href":"https:\/\/www.schuetzenverein-umpferstedt.com\/index.php?rest_route=%2Fwp%2Fv2%2Fmedia&parent=1883"}],"curies":[{"name":"wp","href":"https:\/\/api.w.org\/{rel}","templated":true}]}}