{"id":24,"date":"2016-08-17T14:32:00","date_gmt":"2016-08-17T14:32:00","guid":{"rendered":"http:\/\/www.schuetzenverein-umpferstedt.com\/?page_id=24"},"modified":"2024-10-26T14:09:39","modified_gmt":"2024-10-26T14:09:39","slug":"vorstand","status":"publish","type":"page","link":"http:\/\/www.schuetzenverein-umpferstedt.com\/?page_id=24","title":{"rendered":"Vorstand"},"content":{"rendered":"<h4><span style=\"color: #008000;\"><strong>Die Mitglieder unseres Vereinsvorstands<\/strong><\/span><\/h4>\n<p><strong>Sch\u00fctzenmeister<\/strong><br \/>\nPeter Schneega\u00df<br \/>\nE-Mail:\u00a0<a href=\"mailto:vorsitzender@schuetzenverein-umpferstedt.com\">vorsitzender@schuetzenverein-umpferstedt.com<\/a><\/p>\n<p><strong>Stellvertreter<br \/>\n<\/strong>Detlef M\u00fcller<br \/>\nE-Mail: <a href=\"mailto:stvvorsitzender@schuetzenverein-umpferstedt.com\" target=\"_blank\" rel=\"noopener\">stvvorsitzender@schuetzenverein-umpferstedt.com<\/a><strong><br \/>\n<\/strong><\/p>\n<p><strong>Schatzmeister<\/strong><br \/>\nFrank Ackermann<br \/>\nE-Mail:\u00a0<a href=\"mailto:schatzmeister@schuetzenverein-umpferstedt.com\">schatzmeister@schuetzenverein-umpferstedt.com<\/a><\/p>\n<p><strong>Sportleiter<br \/>\n<\/strong>Frank Schneider<br \/>\nE-Mail:\u00a0<a href=\"mailto:sportleiter@schuetzenverein-umpferstedt.com\">sportleiter@schuetzenverein-umpferstedt.com<\/a><\/p>\n<p><strong>2 weitere Vorstandsmitglieder:<\/strong><br \/>\nPatrik Fenske<br \/>\nRene Heidm\u00fcller<\/p>\n<p><strong>Schriftf\u00fchrerin<\/strong><br \/>\nSabine Zehendner<\/p>\n<p>________________________________________<\/p>\n<p><strong>Postanschrift des Vereins:<br \/>\n<\/strong>Umpferstedter Sch\u00fctzenverein e.V.<br \/>\nSafransgarten 17<br \/>\n99441 Umpferstedt<\/p>\n","protected":false},"excerpt":{"rendered":"<p>Die Mitglieder unseres Vereinsvorstands Sch\u00fctzenmeister Peter Schneega\u00df E-Mail:\u00a0vorsitzender@schuetzenverein-umpferstedt.com Stellvertreter Detlef M\u00fcller E-Mail: stvvorsitzender@schuetzenverein-umpferstedt.com Schatzmeister Frank Ackermann E-Mail:\u00a0schatzmeister@schuetzenverein-umpferstedt.com Sportleiter Frank Schneider E-Mail:\u00a0sportleiter@schuetzenverein-umpferstedt.com 2 weitere Vorstandsmitglieder: Patrik Fenske Rene Heidm\u00fcller Schriftf\u00fchrerin Sabine Zehendner ________________________________________ Postanschrift des Vereins: Umpferstedter Sch\u00fctzenverein e.V. Safransgarten 17 99441 Umpferstedt<\/p>\n","protected":false},"author":2,"featured_media":0,"parent":0,"menu_order":8,"comment_status":"closed","ping_status":"closed","template":"","meta":{"ocean_post_layout":"","ocean_both_sidebars_style":"","ocean_both_sidebars_content_width":0,"ocean_both_sidebars_sidebars_width":0,"ocean_sidebar":"0","ocean_second_sidebar":"0","ocean_disable_margins":"enable","ocean_add_body_class":"","ocean_shortcode_before_top_bar":"","ocean_shortcode_after_top_bar":"","ocean_shortcode_before_header":"","ocean_shortcode_after_header":"","ocean_has_shortcode":"","ocean_shortcode_after_title":"","ocean_shortcode_before_footer_widgets":"","ocean_shortcode_after_footer_widgets":"","ocean_shortcode_before_footer_bottom":"","ocean_shortcode_after_footer_bottom":"","ocean_display_top_bar":"default","ocean_display_header":"default","ocean_header_style":"","ocean_center_header_left_menu":"0","ocean_custom_header_template":"0","ocean_custom_logo":0,"ocean_custom_retina_logo":0,"ocean_custom_logo_max_width":0,"ocean_custom_logo_tablet_max_width":0,"ocean_custom_logo_mobile_max_width":0,"ocean_custom_logo_max_height":0,"ocean_custom_logo_tablet_max_height":0,"ocean_custom_logo_mobile_max_height":0,"ocean_header_custom_menu":"0","ocean_menu_typo_font_family":"0","ocean_menu_typo_font_subset":"","ocean_menu_typo_font_size":0,"ocean_menu_typo_font_size_tablet":0,"ocean_menu_typo_font_size_mobile":0,"ocean_menu_typo_font_size_unit":"px","ocean_menu_typo_font_weight":"","ocean_menu_typo_font_weight_tablet":"","ocean_menu_typo_font_weight_mobile":"","ocean_menu_typo_transform":"","ocean_menu_typo_transform_tablet":"","ocean_menu_typo_transform_mobile":"","ocean_menu_typo_line_height":0,"ocean_menu_typo_line_height_tablet":0,"ocean_menu_typo_line_height_mobile":0,"ocean_menu_typo_line_height_unit":"","ocean_menu_typo_spacing":0,"ocean_menu_typo_spacing_tablet":0,"ocean_menu_typo_spacing_mobile":0,"ocean_menu_typo_spacing_unit":"","ocean_menu_link_color":"","ocean_menu_link_color_hover":"","ocean_menu_link_color_active":"","ocean_menu_link_background":"","ocean_menu_link_hover_background":"","ocean_menu_link_active_background":"","ocean_menu_social_links_bg":"","ocean_menu_social_hover_links_bg":"","ocean_menu_social_links_color":"","ocean_menu_social_hover_links_color":"","ocean_disable_title":"default","ocean_disable_heading":"default","ocean_post_title":"","ocean_post_subheading":"","ocean_post_title_style":"","ocean_post_title_background_color":"","ocean_post_title_background":0,"ocean_post_title_bg_image_position":"","ocean_post_title_bg_image_attachment":"","ocean_post_title_bg_image_repeat":"","ocean_post_title_bg_image_size":"","ocean_post_title_height":0,"ocean_post_title_bg_overlay":0.5,"ocean_post_title_bg_overlay_color":"","ocean_disable_breadcrumbs":"default","ocean_breadcrumbs_color":"","ocean_breadcrumbs_separator_color":"","ocean_breadcrumbs_links_color":"","ocean_breadcrumbs_links_hover_color":"","ocean_display_footer_widgets":"default","ocean_display_footer_bottom":"default","ocean_custom_footer_template":"0","footnotes":""},"class_list":["post-24","page","type-page","status-publish","hentry","entry"],"_links":{"self":[{"href":"http:\/\/www.schuetzenverein-umpferstedt.com\/index.php?rest_route=\/wp\/v2\/pages\/24","targetHints":{"allow":["GET"]}}],"collection":[{"href":"http:\/\/www.schuetzenverein-umpferstedt.com\/index.php?rest_route=\/wp\/v2\/pages"}],"about":[{"href":"http:\/\/www.schuetzenverein-umpferstedt.com\/index.php?rest_route=\/wp\/v2\/types\/page"}],"author":[{"embeddable":true,"href":"http:\/\/www.schuetzenverein-umpferstedt.com\/index.php?rest_route=\/wp\/v2\/users\/2"}],"replies":[{"embeddable":true,"href":"http:\/\/www.schuetzenverein-umpferstedt.com\/index.php?rest_route=%2Fwp%2Fv2%2Fcomments&post=24"}],"version-history":[{"count":27,"href":"http:\/\/www.schuetzenverein-umpferstedt.com\/index.php?rest_route=\/wp\/v2\/pages\/24\/revisions"}],"predecessor-version":[{"id":2227,"href":"http:\/\/www.schuetzenverein-umpferstedt.com\/index.php?rest_route=\/wp\/v2\/pages\/24\/revisions\/2227"}],"wp:attachment":[{"href":"http:\/\/www.schuetzenverein-umpferstedt.com\/index.php?rest_route=%2Fwp%2Fv2%2Fmedia&parent=24"}],"curies":[{"name":"wp","href":"https:\/\/api.w.org\/{rel}","templated":true}]}}