{"id":1783,"date":"2024-05-06T15:19:12","date_gmt":"2024-05-06T15:19:12","guid":{"rendered":"http:\/\/www.schuetzenverein-umpferstedt.com\/?page_id=1783"},"modified":"2024-08-02T08:51:08","modified_gmt":"2024-08-02T08:51:08","slug":"vereinsgeschichte","status":"publish","type":"page","link":"http:\/\/www.schuetzenverein-umpferstedt.com\/?page_id=1783","title":{"rendered":"Vereinsgeschichte"},"content":{"rendered":"<h4><strong><span style=\"color: #008000;\">Hier soll eine \u00dcbersicht zur Vereinsgeschichte entstehen:<\/span><\/strong><\/h4>\n<p>Der <strong>Umpferstedter Sch\u00fctzenverein e. V.<\/strong> wurde 1992 gegr\u00fcndet. Seitdem ist er auf \u00fcber 70 Mitglieder gewachsen. <a href=\"https:\/\/www.dsb.de\/tradition\/traditionen\" target=\"_blank\" rel=\"noopener\">Sein Ziel ist die Erhaltung und Pflege des Sch\u00fctzenbrauchtums und der Tradition des Sch\u00fctzenwesens.<\/a> Gleichzeitig dient er prim\u00e4r der Aus\u00fcbung des Schie\u00dfens auf sportlicher Grundlage und Abhaltung von Veranstaltungen schie\u00dfsportlicher Art.<\/p>\n<p><img loading=\"lazy\" decoding=\"async\" class=\"alignnone wp-image-381 size-full\" src=\"http:\/\/www.schuetzenverein-umpferstedt.com\/wordpress\/wp-content\/uploads\/2017\/02\/20170225_162353.jpg\" alt=\"\" width=\"4128\" height=\"2322\" srcset=\"http:\/\/www.schuetzenverein-umpferstedt.com\/wordpress\/wp-content\/uploads\/2017\/02\/20170225_162353.jpg 4128w, http:\/\/www.schuetzenverein-umpferstedt.com\/wordpress\/wp-content\/uploads\/2017\/02\/20170225_162353-300x169.jpg 300w, http:\/\/www.schuetzenverein-umpferstedt.com\/wordpress\/wp-content\/uploads\/2017\/02\/20170225_162353-768x432.jpg 768w, http:\/\/www.schuetzenverein-umpferstedt.com\/wordpress\/wp-content\/uploads\/2017\/02\/20170225_162353-644x362.jpg 644w, http:\/\/www.schuetzenverein-umpferstedt.com\/wordpress\/wp-content\/uploads\/2017\/02\/20170225_162353-676x380.jpg 676w\" sizes=\"auto, (max-width: 4128px) 100vw, 4128px\" \/><\/p>\n<p><img loading=\"lazy\" decoding=\"async\" class=\"alignnone wp-image-239 size-full\" src=\"http:\/\/www.schuetzenverein-umpferstedt.com\/wordpress\/wp-content\/uploads\/2016\/09\/IMG-20160929-WA0001.jpg\" alt=\"\" width=\"1600\" height=\"1200\" srcset=\"http:\/\/www.schuetzenverein-umpferstedt.com\/wordpress\/wp-content\/uploads\/2016\/09\/IMG-20160929-WA0001.jpg 1600w, http:\/\/www.schuetzenverein-umpferstedt.com\/wordpress\/wp-content\/uploads\/2016\/09\/IMG-20160929-WA0001-300x225.jpg 300w, http:\/\/www.schuetzenverein-umpferstedt.com\/wordpress\/wp-content\/uploads\/2016\/09\/IMG-20160929-WA0001-768x576.jpg 768w, http:\/\/www.schuetzenverein-umpferstedt.com\/wordpress\/wp-content\/uploads\/2016\/09\/IMG-20160929-WA0001-644x483.jpg 644w, http:\/\/www.schuetzenverein-umpferstedt.com\/wordpress\/wp-content\/uploads\/2016\/09\/IMG-20160929-WA0001-676x507.jpg 676w\" sizes=\"auto, (max-width: 1600px) 100vw, 1600px\" \/><\/p>\n<p><img loading=\"lazy\" decoding=\"async\" class=\"alignnone wp-image-13 size-full\" src=\"http:\/\/www.schuetzenverein-umpferstedt.com\/wordpress\/wp-content\/uploads\/2016\/08\/Ansichtein1.jpg\" alt=\"\" width=\"2304\" height=\"1728\" srcset=\"http:\/\/www.schuetzenverein-umpferstedt.com\/wordpress\/wp-content\/uploads\/2016\/08\/Ansichtein1.jpg 2304w, http:\/\/www.schuetzenverein-umpferstedt.com\/wordpress\/wp-content\/uploads\/2016\/08\/Ansichtein1-300x225.jpg 300w, http:\/\/www.schuetzenverein-umpferstedt.com\/wordpress\/wp-content\/uploads\/2016\/08\/Ansichtein1-768x576.jpg 768w, http:\/\/www.schuetzenverein-umpferstedt.com\/wordpress\/wp-content\/uploads\/2016\/08\/Ansichtein1-1024x768.jpg 1024w\" sizes=\"auto, (max-width: 2304px) 100vw, 2304px\" \/><\/p>\n<p><img loading=\"lazy\" decoding=\"async\" class=\"aligncenter wp-image-1843 size-full\" src=\"http:\/\/www.schuetzenverein-umpferstedt.com\/wordpress\/wp-content\/uploads\/2024\/05\/1000_F_101784934_6y4uMEQJwLdKSo7eHA5Y6sTg1BQ3L8eH.jpg\" alt=\"\" width=\"1000\" height=\"1000\" srcset=\"http:\/\/www.schuetzenverein-umpferstedt.com\/wordpress\/wp-content\/uploads\/2024\/05\/1000_F_101784934_6y4uMEQJwLdKSo7eHA5Y6sTg1BQ3L8eH.jpg 1000w, http:\/\/www.schuetzenverein-umpferstedt.com\/wordpress\/wp-content\/uploads\/2024\/05\/1000_F_101784934_6y4uMEQJwLdKSo7eHA5Y6sTg1BQ3L8eH-300x300.jpg 300w, http:\/\/www.schuetzenverein-umpferstedt.com\/wordpress\/wp-content\/uploads\/2024\/05\/1000_F_101784934_6y4uMEQJwLdKSo7eHA5Y6sTg1BQ3L8eH-644x644.jpg 644w, http:\/\/www.schuetzenverein-umpferstedt.com\/wordpress\/wp-content\/uploads\/2024\/05\/1000_F_101784934_6y4uMEQJwLdKSo7eHA5Y6sTg1BQ3L8eH-150x150.jpg 150w, http:\/\/www.schuetzenverein-umpferstedt.com\/wordpress\/wp-content\/uploads\/2024\/05\/1000_F_101784934_6y4uMEQJwLdKSo7eHA5Y6sTg1BQ3L8eH-768x768.jpg 768w\" sizes=\"auto, (max-width: 1000px) 100vw, 1000px\" \/><\/p>\n","protected":false},"excerpt":{"rendered":"<p>Hier soll eine \u00dcbersicht zur Vereinsgeschichte entstehen: Der Umpferstedter Sch\u00fctzenverein e. V. wurde 1992 gegr\u00fcndet. Seitdem ist er auf \u00fcber 70 Mitglieder gewachsen. Sein Ziel ist die Erhaltung und Pflege des Sch\u00fctzenbrauchtums und der Tradition des Sch\u00fctzenwesens. Gleichzeitig dient er prim\u00e4r der Aus\u00fcbung des Schie\u00dfens auf sportlicher Grundlage und Abhaltung von Veranstaltungen schie\u00dfsportlicher Art.<\/p>\n","protected":false},"author":3,"featured_media":0,"parent":0,"menu_order":0,"comment_status":"closed","ping_status":"closed","template":"","meta":{"ocean_post_layout":"","ocean_both_sidebars_style":"","ocean_both_sidebars_content_width":0,"ocean_both_sidebars_sidebars_width":0,"ocean_sidebar":"","ocean_second_sidebar":"","ocean_disable_margins":"enable","ocean_add_body_class":"","ocean_shortcode_before_top_bar":"","ocean_shortcode_after_top_bar":"","ocean_shortcode_before_header":"","ocean_shortcode_after_header":"","ocean_has_shortcode":"","ocean_shortcode_after_title":"","ocean_shortcode_before_footer_widgets":"","ocean_shortcode_after_footer_widgets":"","ocean_shortcode_before_footer_bottom":"","ocean_shortcode_after_footer_bottom":"","ocean_display_top_bar":"default","ocean_display_header":"default","ocean_header_style":"","ocean_center_header_left_menu":"","ocean_custom_header_template":"","ocean_custom_logo":0,"ocean_custom_retina_logo":0,"ocean_custom_logo_max_width":0,"ocean_custom_logo_tablet_max_width":0,"ocean_custom_logo_mobile_max_width":0,"ocean_custom_logo_max_height":0,"ocean_custom_logo_tablet_max_height":0,"ocean_custom_logo_mobile_max_height":0,"ocean_header_custom_menu":"","ocean_menu_typo_font_family":"","ocean_menu_typo_font_subset":"","ocean_menu_typo_font_size":0,"ocean_menu_typo_font_size_tablet":0,"ocean_menu_typo_font_size_mobile":0,"ocean_menu_typo_font_size_unit":"px","ocean_menu_typo_font_weight":"","ocean_menu_typo_font_weight_tablet":"","ocean_menu_typo_font_weight_mobile":"","ocean_menu_typo_transform":"","ocean_menu_typo_transform_tablet":"","ocean_menu_typo_transform_mobile":"","ocean_menu_typo_line_height":0,"ocean_menu_typo_line_height_tablet":0,"ocean_menu_typo_line_height_mobile":0,"ocean_menu_typo_line_height_unit":"","ocean_menu_typo_spacing":0,"ocean_menu_typo_spacing_tablet":0,"ocean_menu_typo_spacing_mobile":0,"ocean_menu_typo_spacing_unit":"","ocean_menu_link_color":"","ocean_menu_link_color_hover":"","ocean_menu_link_color_active":"","ocean_menu_link_background":"","ocean_menu_link_hover_background":"","ocean_menu_link_active_background":"","ocean_menu_social_links_bg":"","ocean_menu_social_hover_links_bg":"","ocean_menu_social_links_color":"","ocean_menu_social_hover_links_color":"","ocean_disable_title":"default","ocean_disable_heading":"default","ocean_post_title":"","ocean_post_subheading":"","ocean_post_title_style":"","ocean_post_title_background_color":"","ocean_post_title_background":0,"ocean_post_title_bg_image_position":"","ocean_post_title_bg_image_attachment":"","ocean_post_title_bg_image_repeat":"","ocean_post_title_bg_image_size":"","ocean_post_title_height":0,"ocean_post_title_bg_overlay":0.5,"ocean_post_title_bg_overlay_color":"","ocean_disable_breadcrumbs":"default","ocean_breadcrumbs_color":"","ocean_breadcrumbs_separator_color":"","ocean_breadcrumbs_links_color":"","ocean_breadcrumbs_links_hover_color":"","ocean_display_footer_widgets":"default","ocean_display_footer_bottom":"default","ocean_custom_footer_template":"","footnotes":""},"class_list":["post-1783","page","type-page","status-publish","hentry","entry"],"_links":{"self":[{"href":"http:\/\/www.schuetzenverein-umpferstedt.com\/index.php?rest_route=\/wp\/v2\/pages\/1783","targetHints":{"allow":["GET"]}}],"collection":[{"href":"http:\/\/www.schuetzenverein-umpferstedt.com\/index.php?rest_route=\/wp\/v2\/pages"}],"about":[{"href":"http:\/\/www.schuetzenverein-umpferstedt.com\/index.php?rest_route=\/wp\/v2\/types\/page"}],"author":[{"embeddable":true,"href":"http:\/\/www.schuetzenverein-umpferstedt.com\/index.php?rest_route=\/wp\/v2\/users\/3"}],"replies":[{"embeddable":true,"href":"http:\/\/www.schuetzenverein-umpferstedt.com\/index.php?rest_route=%2Fwp%2Fv2%2Fcomments&post=1783"}],"version-history":[{"count":9,"href":"http:\/\/www.schuetzenverein-umpferstedt.com\/index.php?rest_route=\/wp\/v2\/pages\/1783\/revisions"}],"predecessor-version":[{"id":2033,"href":"http:\/\/www.schuetzenverein-umpferstedt.com\/index.php?rest_route=\/wp\/v2\/pages\/1783\/revisions\/2033"}],"wp:attachment":[{"href":"http:\/\/www.schuetzenverein-umpferstedt.com\/index.php?rest_route=%2Fwp%2Fv2%2Fmedia&parent=1783"}],"curies":[{"name":"wp","href":"https:\/\/api.w.org\/{rel}","templated":true}]}}